Let h(s) = -30*s + 86. Give h(6).
-94
Let z(n) = -n**3 - 18*n**2 - 6*n + 4. What is z(-18)?
112
Let u(w) = 215*w + 1673. What is u(-8)?
-47
Let z(d) = -86*d + 2193. Determine z(25).
43
Let r(m) = 46*m + 144. Give r(-5).
-86
Let u(d) = 44*d - 2068. Give u(47).
0
Let s(i) = -81*i**2 - 485*i + 5. Determine s(-6).
-1
Let h(f) = -11*f + 77. Calculate h(3).
44
Let t(f) = 497*f + 8930. Determine t(-18).
-16
Let c(g) = 11*g**2 + 86*g - 104. What is c(-9)?
13
Let v(f) = f**2 + 11*f + 20. Give v(-12).
32
Let z(s) = 27*s - 161. Determine z(14).
217
Let w(c) = 4*c**3 + 6*c**2 - 2*c - 18. What is w(-4)?
-170
Let s(q) = q**2 + 23*q - 1311. Give s(-49).
-37
Let y(u) = -u**3 - 5*u**2 + u - 55. Give y(-6).
-25
Let i(f) = f**3 - 10*f**2 - 15*f - 27. What is i(8)?
-275
Let f(a) = 21*a - 1071. Give f(43).
-168
Let b(l) = l**2 + 11*l + 38. What is b(-6)?
8
Let a(l) = -3*l**2 - 2*l - 14. What is a(-4)?
-54
Let m(o) = -o**2 - 26*o + 1271. What is m(-51)?
-4
Let g(x) = x**3 + 56*x**2 + 17*x + 947. Determine g(-56).
-5
Let c(y) = -3*y**2 + 108*y + 119. Give c(36).
119
Let k(x) = -62*x + 1409. Calculate k(30).
-451
Let s(y) = -29*y - 430. What is s(-9)?
-169
Let d(f) = -f**3 - 97*f**2 + 423*f - 76. What is d(4)?
0
Let m(d) = 48*d**3 + d**2 + 8*d + 7. Give m(-1).
-48
Let a(w) = -w - 572. What is a(-14)?
-558
Let g(d) = -d**2 - 54*d - 132. What is g(-52)?
-28
Let s(d) = 100*d + 2485. Determine s(-25).
-15
Let p(k) = 2*k**3 + 25*k**2 + 17*k + 69. What is p(-12)?
9
Let q(n) = 4*n**3 - 3*n**2 - 67*n + 140. Calculate q(2).
26
Let k(g) = 2*g**3 + 18*g**2 - 7*g + 10. Give k(-9).
73
Let l(d) = -104*d**2 + 4786*d - 89. Give l(46).
3
Let r(v) = -17*v**2 + 21*v. Determine r(2).
-26
Let j(b) = 47*b**3 + 66*b**2 + 16*b - 2. Give j(-1).
1
Let m(j) = -29*j - 26. Calculate m(-4).
90
Let t(g) = -4*g**3 + 45*g**2 + 15*g - 69. Determine t(11).
217
Let a(i) = -58*i - 20. What is a(1)?
-78
Let h(g) = g**2 - 88*g - 2156. What is h(108)?
4
Let x(c) = -15*c**3 - 10*c**2 + 29*c - 1. Determine x(3).
-409
Let f(m) = -22*m + 374. Calculate f(17).
0
Let x(s) = 2*s**3 + 74*s**2 + 138*s - 54. What is x(-35)?
16
Let n(r) = r**3 + 7*r**2 - 66*r + 3. Give n(5).
-27
Let y(n) = 1196*n - 11952. What is y(10)?
8
Let y(l) = -l**2 + 78*l - 699. What is y(19)?
422
Let y(l) = -5*l**3 - 6*l**2 - 190*l - 185. Calculate y(-1).
4
Let q(l) = 2*l**3 + 529*l**2 + 2844*l - 1302. Give q(-259).
-7
Let l(g) = 3*g**2 + 2035*g - 6128. Calculate l(3).
4
Let a(r) = 2*r**2 + 52*r - 15856. Determine a(-103).
6
Let k(o) = -o**2 + 128*o - 2271. What is k(107)?
-24
Let q(a) = -a + 20. What is q(-53)?
73
Let s(n) = -8*n**2 + 120*n + 261. Determine s(-2).
-11
Let h(b) = 4*b**2 + 331*b - 335. Calculate h(1).
0
Let w(a) = -6*a**2 + 54*a + 167. Give w(14).
-253
Let z(f) = 2*f**2 + 66*f + 243. Determine z(-4).
11
Let x(f) = -f**3 + 33*f**2 + 150*f + 174. Determine x(37).
248
Let b(s) = -550*s - 2379. Determine b(-4).
-179
Let o(u) = 1214*u + 3625. What is o(-3)?
-17
Let p(a) = -35*a + 6. Calculate p(6).
-204
Let m(c) = 20*c**2 - 173*c + 7. What is m(9)?
70
Let d(i) = i**3 + 5*i**2 + 31*i - 14. Determine d(-6).
-236
Let k(x) = 3*x**3 + 10*x**2 - 61*x - 20. Determine k(-6).
58
Let h(c) = 905*c - 4137. Determine h(5).
388
Let q(y) = y**2 - 24*y + 120. Give q(6).
12
Let s(d) = 4*d**2 + 165*d - 925. Determine s(5).
0
Let t(b) = -795*b + 10224. Determine t(13).
-111
Let f(r) = 642*r - 5761. Determine f(9).
17
Let j(m) = -2*m**3 - 30*m**2 - 107*m - 22. Calculate j(-6).
-28
Let b(j) = 2*j**3 + 154*j**2 - 149*j + 483. Calculate b(-78).
-63
Let m(i) = 4*i**3 - 265*i**2 + 24*i + 2757. Calculate m(66).
-15
Let o(g) = 22*g + 2191. What is o(-93)?
145
Let h(p) = -28*p**3 + 6*p**2 + 5*p - 3. Give h(-1).
26
Let c(y) = 4*y**3 + 14*y**2 + 4*y + 1. Determine c(-3).
7
Let j(d) = -52*d**2 + 49*d - 77. Calculate j(2).
-187
Let u(z) = -18*z - 954. What is u(-40)?
-234
Let d(o) = 45*o - 770. Determine d(17).
-5
Let f(p) = 2*p**2 + 86*p - 3. Determine f(-43).
-3
Let a(x) = -74*x + 525. Give a(7).
7
Let l(r) = 148*r - 3149. What is l(21)?
-41
Let x(i) = 148*i - 343. What is x(1)?
-195
Let t(s) = -3*s**3 - 25*s**2 - 49*s - 147. Determine t(-7).
0
Let w(a) = 69*a + 193. Determine w(-6).
-221
Let k(l) = -18*l**2 + 941*l - 222. Give k(52).
38
Let v(s) = -s**2 + 2788*s + 36414. What is v(-13)?
1
Let d(k) = 397*k + 7959. Give d(-20).
19
Let x(a) = -a**2 - 136*a - 1046. What is x(-8)?
-22
Let d(w) = -67*w + 2922. Give d(44).
-26
Let u(f) = f**3 + 16*f**2 - 47*f - 221. Determine u(-18).
-23
Let v(x) = 2*x**3 + 13*x**2 - x - 9. Give v(-5).
71
Let o(y) = -89*y + 193. What is o(4)?
-163
Let r(b) = -101*b + 4038. Give r(40).
-2
Let q(m) = -m**3 + 28*m**2 - 52*m + 25. Calculate q(26).
25
Let c(k) = 2184*k - 9. Give c(0).
-9
Let b(k) = -259*k + 244. Determine b(1).
-15
Let v(x) = 26*x + 1384. Determine v(-53).
6
Let d(w) = -w**3 - 23*w**2 - 136*w - 84. Calculate d(-13).
-6
Let c(o) = 7*o**2 + 5*o + 136. Give c(-10).
786
Let k(d) = d**3 - 18*d**2 + 15*d - 250. What is k(18)?
20
Let r(b) = 2*b**3 - 44*b**2 - 304*b + 5930. Determine r(23).
-4
Let c(j) = -75*j - 340. Give c(-5).
35
Let q(p) = 125*p + 5734. What is q(-46)?
-16
Let a(r) = -73*r + 13264. Give a(182).
-22
Let t(d) = 872*d - 14795. Calculate t(17).
29
Let f(u) = 5*u**3 + 3*u**2 + 15*u + 33. Give f(-2).
-25
Let d(w) = w**3 + 37*w**2 - 126*w - 240. Determine d(-40).
0
Let t(n) = 2*n**3 + 16*n**2 + 73*n + 579. Give t(-8).
-5
Let s(x) = 2*x**2 - 65*x + 190. Determine s(29).
-13
Let p(i) = i**2 - 1857*i + 9265. What is p(5)?
5
Let g(i) = -i**2 - 43*i + 388. What is g(-44)?
344
Let j(n) = 119*n + 2768. Calculate j(-23).
31
Let l(f) = -11*f**2 - 8*f - 2. What is l(4)?
-210
Let f(t) = 3*t**2 + 31*t - 17. Determine f(-15).
193
Let t(j) = -4*j + 857. What is t(19)?
781
Let d(h) = -6*h - 86. Determine d(-21).
40
Let d(k) = 50*k - 1509. Calculate d(29).
-59
Let s(b) = 2*b - 44. Determine s(-33).
-110
Let u(b) = -6*b**2 + 252*b - 45. Calculate u(42).
-45
Let s(i) = -2*i + 142. Determine s(19).
104
Let d(k) = 117*k + 385. What is d(-2)?
151
Let g(n) = n**3 - 10*n**2 - 8*n - 20. Determine g(10).
-100
Let a(i) = -3*i**2 - 11*i - 15. Determine a(-6).
-57
Let q(b) = -4*b**3 - 2*b**2 + 11*b + 39. What is q(-2)?
41
Let b(f) = 4*f**2 - 271*f + 3828. Calculate b(20).
8
Let d(n) = -6*n + 32. Calculate d(18).
-76
Let w(d) = -37*d - 468. What is w(-14)?
50
Let c(o) = -o**2 + 41*o - 313. Calculate c(13).
51
Let z(g) = -34*g - 74. Give z(-4).
62
Let x(h) = -6*h - 149. Give x(-28).
19
Let j(a) = 28*a**2 - 29*a - 137. What is j(-4)?
427
Let i(w) = -w**3 - 14*w**2 + 3*w + 17. Determine i(0).
17
Let l(k) = -k**3 + 5*k**2 - 4*k + 277. Determine l(8).
53
Let k(v) = -36*v + 3993. Give k(111).
-3
Let d(f) = 39*f**2 + 5*f - 3. Give d(1).
41
Let z(l) = -14*l**3 + 2*l**2 + 867*l + 865. Give z(-1).
14
Let j(t) = -t**2 + 1438*t - 11421. Determine j(8).
19
Let g(t) = -3*t**3 - 498*t**2 + 3*t + 529. Give g(-166).
31
Let h(m) = -811*m - 1622. What is h(-2)?
0
Let l(t) = 705*t + 9125. Give l(-13).
-40
Let r(z) = 28*z - 283. Give r(11).
25
Let t(j) = -j**3 - 27*j**2 + 157*j - 19. What is t(-32)?
77
Let o(q) = 92*q + 3009. What is o(-33)?
-27
Let f(z) = -2001*z + 144070. What is f(72)?
-2
Let g(j) = -j**2 + 17*j + 166. Give g(31).
-268
Let w(d) = -d**3 - 4*d**2 + 27*d + 16. Give w(0).
16
Let d(j) = 15*j + 60. Calculate d(-4).
0
Let a(u) = -u**3 + 7*u**2 + 371*u + 46. Calculate a(-16).
-2
Let v(x) = -x**3 + 29*x**2 - 191*x - 14. Calculate v(11).
63
Let h(z) = -3*z**3 - 5*z**2 - 29*z - 114. Determine h(-4).
114
Let u(s) = 2*s**3 - 5*s**2 + s + 25. Calculate u(-2).
-13
Let a(k) = 2*k**2 + 33*k - 107. Calculate a(-17).
-90
Let d(n) = -n**3 + 9*n**2 + 135*n - 21. Calculate d(17).
-38
Let h(v) = 2*v**2 + 852*v + 14684. Determine h(-18).
-4
Let o(w) = 4*w**2 - 45*w - 5. What is o(0)?
-5
Let l(n) = 6*n - 1110. Determine l(184).
-6
Let y(x) = 6*x**2 + 326*x + 77. Give y(-52).
-651
Let o(g) = 546*g - 7660. Calculate o(14).
-16
Let q(o) = -o**2 + 49*o + 322. What is q(55)?
-8
Let i(z) = -z**3 + 31*z**2 - 17*z + 496. Calculate i(31).
-31
Let l(f) = f**3 + 30*f**2 - 29*f + 63. Give l(-31).
1
Let m(q) = -328*q + 14093. Give m(43).
-11
Let l(z) = 2*z**2 + 25*z - 157. Calculate l(-17).
-4
Let t(p) = 96*p**3 - p**2 + 4*p - 3. Give t(1).
96
Let p(h) = h**3 + 74*h**2 + 3*h + 2